 g = 32845 + 5579. Suppose 3*u = -u + 3*h + g, h + 48041 = 5*u. Is u a composite number?
True
Suppose 0 = -r - 7, 67*i + 2757469 = 69*i + 7*r. Is i composite?
False
Let d(n) = 42*n**2 + 1. Let u = 8 - 6. Let i be 1*2 + 3/u*-4. Is d(i) composite?
False
Let l = 289323 - 6558. Suppose 14*t - l = -t. Is t composite?
True
Is (-1*(-3678518)/(-4))/(-18 - (-175)/10) a composite number?
True
Is (12/(-19))/(-6) + (65615228/76)/7 prime?
False
Suppose 283*p - 93275110 = 6037231. Is p a prime number?
False
Suppose 0 = 28*z - 14467106 - 2909106. Is z prime?
True
Let h = -64 - -79. Suppose 0 = -j, -h = -0*n - 3*n + 3*j. Suppose n*z = 4*x + 2*z - 483, 381 = 3*x + 4*z. Is x a composite number?
True
Let o = -12168 + 1824. Let d = o - -21643. Is d prime?
True
Let k = 7767 + 4751. Let p = k + -6142. Suppose -6309 + 1510 = -3*n - 2*b, -4*n = -3*b - p. Is n prime?
True
Suppose -9*r = -11*r + 6. Suppose 0 = -2*p + p - 9. Is (-19298)/(-3) - r/p composite?
True
Let m = -8 - -25. Suppose -m = -3*o + 4*h, -o - h = -4*o + 11. Suppose -o*b = -u - 2*u + 438, 0 = 2*b - 6. Is u a prime number?
True
Let h be (20/15)/(6/9). Suppose h*z = -3*z - y + 26, 0 = 3*y - 3. Suppose -3*f = 12, z*p - 2*f - 820 = 203. Is p prime?
False
Suppose -35*a + 31*a + 196 = 0. Suppose a = 3*v - 2. Suppose -14*z = -v*z + 5514. Is z composite?
True
Let l be -2*(-4)/(-2)*38/(-76). Is 9410 + (-6 - -1) + l composite?
True
Let u be (2/3*6/4)/1. Let o(n) be the second derivative of 676*n**3/3 - 5*n**2/2 - n. Is o(u) a composite number?
True
Suppose 0 = 5*u + 2*c - 11, 2*u - 3*c + 0*c = 12. Let o be (-1 + -193)*(-116)/24*u. Let t = -1858 + o. Is t composite?
True
Suppose -3*u - 15 = 5*s, -5*u + 6*s = 2*s - 12. Suppose 8*i + 7692 - 32116 = u. Is i composite?
True
Let f(u) = u**3 - 3*u**2 + u + 119417. Is f(0) a composite number?
False
Suppose -3241*j - 32612969 = -3314*j. Is j prime?
True
Let q be -17 + (-1946)/(-112) + (-87)/(-24). Let m(t) = t**2 + 5*t + 6. Let b be m(-4). Suppose -q*i - 5*w = -5984 - 1652, -4*i - b*w + 7636 = 0. Is i prime?
False
Let d be 8*(-4 - (-9)/2). Suppose -3*m = 4*o - 4045, 3*o - 859 - 2180 = -d*m. Is o prime?
True
Let g(k) = 4*k**2 + 2*k + 2*k - 3*k + 7. Let h be g(4). Suppose -x = -i - h, 0*x + 3*x - 224 = 2*i. Is x a prime number?
False
Suppose -o = 3*o - 4*k - 14440, 5*o = -2*k + 18029. Is o prime?
True
Let g(i) = 828*i**2 + 81*i - 571. Is g(12) a composite number?
False
Suppose -2*c - 4*w = 68634, w - 2*w - 34320 = c. Is (-1)/(c/(-5721) + -6) prime?
True
Let t be (-36718)/(-8) - (-3)/(-4). Suppose -t = -5*o - 8*o. Is o composite?
False
Suppose -3*w + 8 = -5*k + k, w + 2*k = 6. Suppose -w*c = -19 - 1. Suppose 4*i + a - 630 = 0, -6*a + a - 775 = -c*i. Is i a composite number?
False
Let o be 0/4*1 - -2. Suppose 4*z - 8 = -5*p, 2*z - p - o*p + 18 = 0. Is -84*z/1 + -3 composite?
True
Let b = 189683 - 98400. Is b a composite number?
False
Let c = 557 - -14902. Is c a prime number?
False
Let j(z) = z + 1. Let b be j(-4). Suppose -4*k - 46 + 50 = -4*n, 3*n = -3. Is -2 - ((k/b)/3 + -143) a composite number?
True
Suppose -8 = 4*m, -71*y = -73*y - 5*m + 49972. Is y a prime number?
False
Suppose -94*m + 3*s + 154719 = -90*m, -38697 = -m - 5*s. Suppose 11*p = -7*p + m. Is p composite?
True
Let g(m) = m**2 + 5*m + 9. Let b be g(-3). Suppose b*a + 68 = 3*y - 61, -2*y = 0. Let x = 82 + a. Is x a prime number?
False
Let m be 5/(-5*(-7)/3045). Suppose 152 = d - m. Is d a composite number?
False
Suppose -h + 3*u = -5081, -5*u + 15187 = 8*h - 5*h. Is h + (6 - 8) - 2 prime?
False
Suppose 3*m = 2*i + 23, 0 = -4*m + 2*i + 35 - 3. Is (1966 - 3) + (13 - m) a prime number?
False
Suppose 6588 = -3*x + 12*x. Suppose 0*w + 5*j + x = 3*w, 4*w - j = 959. Is w composite?
False
Let x(f) be the second derivative of 25*f**4/12 + 5*f**3/3 - 27*f**2/2 + 2*f. Let h be (-1)/(((-5)/((-60)/(-18)))/6). Is x(h) a prime number?
False
Let p = -73 - -81. Let i be (-1)/4 + 18/p. Suppose 0 = i*j - 376 + 50. Is j composite?
False
Let z(g) = 205*g**2 - 8*g + 33. Let r be z(11). Suppose -r = -5*b - c, -24745 = -7*b + 2*b - 2*c. Suppose 4054 = 5*w - b. Is w composite?
False
Suppose 433 = 4*m + 2*n - 7*n, 0 = -m + 2*n + 106. Let y = -107 + m. Suppose 1208 = y*v - 2307. Is v a composite number?
True
Suppose 5*r + 3*i - 2 = -5, -5*i - 5 = 3*r. Suppose 0 = 2*k - r*k + 644. Let w = 513 + k. Is w a composite number?
False
Let a = 528 - 765. Let v = a + 430. Let t = 710 - v. Is t prime?
False
Suppose 4*g + 5*a = g - 10, 0 = -5*g + 2*a + 35. Suppose -g*s - 59 = -4*r, -3*s = -3*r - s + 39. Suppose -r*z + 23786 = -21215. Is z a prime number?
True
Suppose 2*f + 3*m - 586621 = 123640, -m = f - 355130. Is f prime?
False
Let h(r) = -r**2 - 8*r - 23. Let u be h(-6). Is ((-5381)/(-2))/(u/(-22)) a prime number?
True
Suppose -58*g = 62*g - 26502914 - 13524886. Is g a composite number?
True
Let a = 240967 + -132528. Is a a composite number?
False
Let z(h) = -2*h + 269. Suppose 0 = -5*p - o + 5, p + p + 4*o - 20 = 0. Is z(p) prime?
True
Suppose -5*h = -2*p - 869751, 3*p - 947810 + 78024 = -5*h. Is h composite?
True
Let q(t) = 405*t**2 + 31*t - 35. Is q(12) prime?
True
Let u(t) = 10*t**2 + 107*t + 1445. Is u(-116) a composite number?
False
Let k(z) = 7*z - 99. Let d be k(16). Suppose -d*l + 441 = -2042. Is l prime?
True
Suppose -2*b + c + 1437791 = 0, 4*b - 532*c - 2875597 = -535*c. Is b composite?
False
Let h be -20 + 15 + (-2)/((-4)/(-238)). Let p be -1 + 3 - (0 + 253). Let s = h - p. Is s composite?
False
Let u = -1 - -1. Let c = 8743 - 8741. Suppose u = 3*k + 6, k - 1023 = -c*n - 27. Is n a prime number?
True
Let q(v) = -v**2 + 8*v + 25. Let m = -60 + 70. Let n be q(m). Suppose -158 - 281 = -i + 2*c, -n*i + 2255 = 2*c. Is i a prime number?
True
Let t = 100 - 97. Let n be -577 - ((t - 4) + 0)*-1. Is 10*2/(-4) - n a prime number?
False
Let i = 83177 - 40339. Is i a prime number?
False
Let o(l) = -l**2 - 7*l + 82. Let h be o(-13). Is ((-24518)/(-52))/(2/h) composite?
True
Suppose 0 = 323*k - 318*k - s - 12908, -3*k + 7758 = -5*s. Is k a composite number?
True
Suppose -2*l + 2*q - 118 = q, -2*l + 2*q - 116 = 0. Let d = -57 - l. Suppose -3*j - 939 = -d*t + 1158, 2*t - 1374 = -4*j. Is t prime?
False
Let o(k) = 109*k**3 + 14*k**2 - 241*k + 11. Is o(9) a composite number?
False
Let t(i) = 25*i + 36. Let y(j) = 3*j + 30. Let m be y(-6). Suppose -m*a + 4*a = -56. Is t(a) prime?
True
Let j = -8766 + 2308. Let h = j + 14923. Is h a composite number?
True
Let n(c) = -28 - 12*c**2 + 2*c**3 + 15*c - 3*c**3 - 5*c**2. Let p(h) = h**3 + 32*h**2 - 30*h + 55. Let j(a) = -5*n(a) - 3*p(a). Is j(11) a prime number?
True
Let l = 239 + -213. Let y(u) = -105*u + 1. Let v be y(1). Is ((-2)/((-16)/(-914)))/(l/v) a prime number?
True
Let p be (0/(-3))/(55 + -53). Suppose 6193 + 1292 = -5*i. Is 2 - i/(5 + p - 4) a composite number?
False
Suppose -5*h + 2*h + 4*n + 40306 = 0, -2*h - 5*n = -26863. Let p be 825 - (-5)/(125/20)*5. Suppose -5*r + h = p. Is r a prime number?
True
Let o be ((-13140)/25)/9*(-20 + 0). Let r = o - 555. Is r composite?
False
Suppose -5*a + 232 + 13 = 0. Let f = a - 46. Suppose -f*d - 4663 = -2*x, -5*x + 11664 = 3*d - 4*d. Is x prime?
True
Suppose 0 = -4*s - 24, 3*s = -5*n + 8*s + 153020. Is n prime?
False
Let l(j) = -22 - 7*j + 5*j - 87*j**2 - 6*j + 148*j**2. Is l(9) a prime number?
False
Suppose -31 = 3*d + 14. Let j = d + 21. Is (-111)/6*(-12)/j a composite number?
False
Let n be 2 - (5 - 8*(-15)/(-10)). Suppose 1961066 = 29*l + n*l. Is l prime?
True
Let l = 1053359 + 237734. Is l prime?
False
Suppose 0 = 6*b - 11*b + 160. Suppose 3*k + 5*p - 9 = -b, -3*k + 3*p + 9 = 0. Is k + 198 - (6 - 3) a prime number?
False
Let z = -54865 + 92414. Is z prime?
True
Suppose 240*r - 53752084 - 50560701 = -29516545. Is r composite?
True
Suppose -17*c + 10896 = -800. Suppose s + h = c, -4 + 1 = -3*h. Let v = s + 56. Is v composite?
False
Let j(w) = -13895*w - 8592. Is j(-25) composite?
True
Suppose -5 = 3*h - 23. Suppose 17 + 1 = 8*v - 6. Suppose v*c + u = -c + 1038, 3*u = h. Is c a prime number?
False
Suppose -1 + 10 = -d. Let j(u) = -u**2 - 6*u + 34. Let r be j(d). Suppose 0 = r*h - 3*h - 812. Is h composite?
True
Let z(n) = -70*n**3 - n**2 + 2*n + 2. Let m be z(-1). Suppose 4*p + 0*x - 193 = -5*x, -m = -2*p + 3*x. Suppose -p*i = -39*i - 1005. Is i composit